 composite number?
False
Is 116390171 prime?
True
Is 1196891 a prime number?
True
Is 25119877 a composite number?
False
Is 7344121 composite?
False
Is 1959931 composite?
True
Is 2368637 a prime number?
True
Is 442271435 prime?
False
Is 4794623 composite?
True
Is 62525873 prime?
True
Is 16759181 prime?
True
Is 4396039 a composite number?
True
Is 104660117 a prime number?
False
Is 735401 a prime number?
False
Is 914322751 a composite number?
False
Is 362452549 a composite number?
True
Is 443129 composite?
False
Is 1059854 a prime number?
False
Is 507939649 a prime number?
False
Is 3974151 a prime number?
False
Is 2541353 a composite number?
True
Is 3912211 composite?
False
Is 8980271 a composite number?
True
Is 258058985 composite?
True
Is 11996761 prime?
False
Is 133495 a composite number?
True
Is 105990923 a prime number?
False
Is 94971241 composite?
False
Is 207763 a prime number?
True
Is 336725947 prime?
False
Is 249200951 a composite number?
False
Is 305911 composite?
True
Is 2061967 composite?
False
Is 225823258 a prime number?
False
Is 1749109 a composite number?
True
Is 219213341 a prime number?
False
Is 1705778 a prime number?
False
Is 510807853 a prime number?
True
Is 2528635 composite?
True
Is 5065442 composite?
True
Is 68693087 composite?
False
Is 156041299 a composite number?
False
Is 37205878 prime?
False
Is 944777 composite?
False
Is 831599 composite?
False
Is 215653 a composite number?
False
Is 15519161 composite?
True
Is 622898797 a prime number?
False
Is 199151 a composite number?
False
Is 565787 a composite number?
False
Is 227152489 a prime number?
False
Is 14391677 composite?
True
Is 105723887 a prime number?
True
Is 5120061 composite?
True
Is 248852731 a composite number?
False
Is 1103251 a prime number?
False
Is 1092275237 a prime number?
True
Is 93227 composite?
True
Is 3005803 composite?
True
Is 1162697 composite?
True
Is 14951861 prime?
True
Is 106889123 composite?
True
Is 62845667 a prime number?
False
Is 84147353 a composite number?
False
Is 15829361 prime?
True
Is 653461 a composite number?
False
Is 2149031 prime?
True
Is 288601 composite?
True
Is 1252081 a prime number?
False
Is 534395923 prime?
False
Is 79955303 composite?
False
Is 200701 composite?
True
Is 16223693 composite?
False
Is 28321 a composite number?
True
Is 34748249 prime?
False
Is 642931 a prime number?
True
Is 2298917 composite?
True
Is 809089 prime?
False
Is 249497 prime?
True
Is 7435073 prime?
False
Is 26900963 prime?
False
Is 1411633 a prime number?
False
Is 1863827 a composite number?
True
Is 70303099 a composite number?
False
Is 5923655 prime?
False
Is 4774135 a composite number?
True
Is 290330237 a prime number?
False
Is 9553039 composite?
False
Is 134118767 a prime number?
False
Is 32151163 a prime number?
False
Is 251730309 a prime number?
False
Is 18657229 prime?
True
Is 3389003 prime?
True
Is 32319971 composite?
False
Is 1079213 a prime number?
True
Is 18030907 composite?
False
Is 1301693 prime?
True
Is 102549283 a composite number?
False
Is 109987643 prime?
False
Is 35747471 a prime number?
False
Is 1799971 composite?
True
Is 2491761 a composite number?
True
Is 774365231 a composite number?
False
Is 1495585001 a prime number?
True
Is 13094723 a prime number?
True
Is 557654117 a composite number?
False
Is 7957533 prime?
False
Is 105102827 composite?
False
Is 3173987 prime?
True
Is 15635573 prime?
False
Is 95718873 a prime number?
False
Is 23290327 composite?
False
Is 3219289 a prime number?
True
Is 711368929 a prime number?
True
Is 2832779 composite?
True
Is 22562459 prime?
False
Is 1623553 composite?
False
Is 115812989 a composite number?
False
Is 21893343 a prime number?
False
Is 649530949 a prime number?
True
Is 27941677 composite?
True
Is 55077541 composite?
True
Is 104145661 composite?
True
Is 252083023 a composite number?
False
Is 306209 a composite number?
False
Is 99595459 composite?
False
Is 183395679 a prime number?
False
Is 635155 a composite number?
True
Is 322513757 composite?
False
Is 3038081 a prime number?
False
Is 1210003 composite?
False
Is 384060331 prime?
False
Is 64691293 composite?
True
Is 6932309 a composite number?
False
Is 6339101 prime?
False
Is 117607857 a composite number?
True
Is 17284763 composite?
True
Is 67558027 prime?
True
Is 12449803 a composite number?
False
Is 13091777 a composite number?
True
Is 6782509 a composite number?
False
Is 9911399 a prime number?
True
Is 5066893 a composite number?
True
Is 378607769 composite?
False
Is 3759199 prime?
True
Is 1633903 a composite number?
False
Is 422750539 composite?
False
Is 52913807 composite?
True
Is 279047 composite?
False
Is 4886621 a composite number?
True
Is 1005874 a composite number?
True
Is 14176801 a prime number?
True
Is 327476807 a composite number?
True
Is 1924579 prime?
True
Is 4056103 a composite number?
True
Is 213797347 a prime number?
True
Is 4662091 prime?
False
Is 1439629 a composite number?
True
Is 22686217 composite?
True
Is 4541801 prime?
False
Is 26395869 composite?
True
Is 175429 a prime number?
False
Is 400788859 prime?
True
Is 249181 composite?
False
Is 10342659 composite?
True
Is 42885107 composite?
True
Is 99599441 a composite number?
False
Is 1251149 composite?
True
Is 3261983 composite?
True
Is 1735645 composite?
True
Is 31320979 prime?
False
Is 2833943 a prime number?
False
Is 187858807 composite?
True
Is 4067641 a composite number?
True
Is 9409111 a prime number?
True
Is 38568641 a prime number?
True
Is 11176103 prime?
False
Is 87106297 a prime number?
False
Is 104416493 composite?
False
Is 20466101 a composite number?
False
Is 6170195 composite?
True
Is 11218879 prime?
False
Is 456546221 a composite number?
False
Is 18583931 a composite number?
True
Is 1441523 composite?
False
Is 132274277 prime?
False
Is 78023609 prime?
True
Is 186248113 composite?
False
Is 1712183 a composite number?
True
Is 59528386 a composite number?
True
Is 29427415 composite?
True
Is 61608913 a prime number?
True
Is 151121 composite?
False
Is 50707303 prime?
True
Is 25363379 prime?
False
Is 2571467 a composite number?
True
Is 512725433 composite?
True
Is 174699521 a prime number?
True
Is 2226131 prime?
True
Is 60808667 a composite number?
True
Is 20182151 prime?
False
Is 6013129 a composite number?
True
Is 1040012917 a composite number?
False
Is 31063783 prime?
False
Is 5805251 prime?
True
Is 477967219 a prime number?
False
Is 380871713 composite?
True
Is 221100961 a prime number?
False
Is 15110743 composite?
True
Is 54479929 prime?
False
Is 10736267 a prime number?
True
Is 112711873 a prime number?
False
Is 1599601 prime?
True
Is 1438293 composite?
True
Is 27733 prime?
True
Is 29461343 a prime number?
False
Is 21724279 prime?
False
Is 10747873 a prime number?
True
Is 731487 a composite number?
True
Is 3231259 prime?
True
Is 26178917 a composite number?
False
Is 125089337 composite?
False
Is 8198363 a composite number?
False
Is 275703371 a composite number?
True
Is 58477 prime?
True
Is 3452567 composite?
False
Is 2685301 composite?
False
Is 3764273 a prime number?
True
Is 38019913 a prime number?
False
Is 281194013 a prime number?
True
Is 42238067 composite?
False
Is 28479317 a prime number?
True
Is 12925713 a composite number?
True
Is 984299 prime?
True
Is 50741 a composite number?
False
Is 6785173 a prime number?
True
Is 1784683 composite?
False
Is 6175643 a prime number?
True
Is 2971673 composite?
True
Is 528131063 a prime number?
False
Is 665219129 prime?
False
Is 10016537 prime?
False
Is 392443489 composite?
True
Is 2172767 a composite number?
True
Is 85354177 a composite number?
True
Is 3759901 a composite number?
False
Is 41436883 a composite number?
True
Is 41440103 prime?
False
Is 4023519 composite?
True
Is 19851827 composite?
True
Is 424559063 composite?
True
Is 91372339 a composite number?
False
Is 38024482 prime?
False
Is 1872503 a composite number?
False
Is 30262291 prime?
False
Is 361074683 prime?
False
Is 2013467 a composite number?
True
Is 78369557 a composite number?
True
Is 31063187 prime?
True
Is 33293501 composite?
True
Is 23864879 prime?
False
Is 50333251 prime?
False
Is 601747 prime?
True
Is 5429873 composite?
True
Is 53282563 composite?
False
Is 147876533 a composite number?
True
Is 293679541 a composite number?
False
Is 3786094